{"id":179,"date":"2014-03-17T14:15:36","date_gmt":"2014-03-17T14:15:36","guid":{"rendered":"http:\/\/juliancastiblanco.com\/web\/?page_id=179"},"modified":"2014-03-17T14:41:38","modified_gmt":"2014-03-17T14:41:38","slug":"hacemos-su-pagina-web","status":"publish","type":"page","link":"https:\/\/juliancastiblanco.com\/web\/hacemos-su-pagina-web\/","title":{"rendered":"Hacemos su P\u00e1gina Web"},"content":{"rendered":"<p style=\"text-align: center;\">Lo invitamos a ver el siguiente video que explica nuestro proceso de dise\u00f1o de p\u00e1ginas web<\/p>\n<p style=\"text-align: center;\"><iframe loading=\"lazy\" src=\"\/\/screencast-o-matic.com\/embed?sc=c2ebIMnYkD&amp;w=511&amp;v=3\" height=\"389\" width=\"511\" frameborder=\"0\" scrolling=\"no\"><\/iframe><\/p>\n<p style=\"text-align: center;\">Si est\u00e1 interesa en nuestra oferta, lo invitamos a diligenciar el siguiente formulario<\/p>\n<p style=\"text-align: center;\">[vCitaContact type=contact width=500 height=450]\n","protected":false},"excerpt":{"rendered":"<p>Lo invitamos a ver el siguiente video que explica nuestro proceso de dise\u00f1o de p\u00e1ginas web Si est\u00e1 interesa en nuestra oferta, lo invitamos a diligenciar el siguiente formulario [vCitaContact [&hellip;]<\/p>\n","protected":false},"author":4,"featured_media":0,"parent":0,"menu_order":0,"comment_status":"closed","ping_status":"closed","template":"","meta":{"footnotes":""},"class_list":["post-179","page","type-page","status-publish","hentry"],"_links":{"self":[{"href":"https:\/\/juliancastiblanco.com\/web\/wp-json\/wp\/v2\/pages\/179","targetHints":{"allow":["GET"]}}],"collection":[{"href":"https:\/\/juliancastiblanco.com\/web\/wp-json\/wp\/v2\/pages"}],"about":[{"href":"https:\/\/juliancastiblanco.com\/web\/wp-json\/wp\/v2\/types\/page"}],"author":[{"embeddable":true,"href":"https:\/\/juliancastiblanco.com\/web\/wp-json\/wp\/v2\/users\/4"}],"replies":[{"embeddable":true,"href":"https:\/\/juliancastiblanco.com\/web\/wp-json\/wp\/v2\/comments?post=179"}],"version-history":[{"count":1,"href":"https:\/\/juliancastiblanco.com\/web\/wp-json\/wp\/v2\/pages\/179\/revisions"}],"predecessor-version":[{"id":180,"href":"https:\/\/juliancastiblanco.com\/web\/wp-json\/wp\/v2\/pages\/179\/revisions\/180"}],"wp:attachment":[{"href":"https:\/\/juliancastiblanco.com\/web\/wp-json\/wp\/v2\/media?parent=179"}],"curies":[{"name":"wp","href":"https:\/\/api.w.org\/{rel}","templated":true}]}}