{"id":2,"date":"2014-03-15T19:24:05","date_gmt":"2014-03-15T19:24:05","guid":{"rendered":"http:\/\/juliancastiblanco.com\/web\/?page_id=2"},"modified":"2017-09-01T22:08:53","modified_gmt":"2017-09-01T22:08:53","slug":"sobrejuliancastiblanco","status":"publish","type":"page","link":"https:\/\/juliancastiblanco.com\/web\/sobrejuliancastiblanco\/","title":{"rendered":"Quien Soy"},"content":{"rendered":"<p>&nbsp;<\/p>\n<ul>\n<li style=\"text-align: justify;\"><strong>Ingeniero de Mercados<\/strong> de la Universidad Piloto de Colombia,<\/li>\n<li style=\"text-align: justify;\"><strong>Graduado del M\u00e1ster en Direcci\u00f3n y Gesti\u00f3n<\/strong> de Empresas con la Universidad Cat\u00f3lica de \u00c1vila, Bureo Veritas Formaci\u00f3n y Escuela Internacional de Negocios de Colombia EIN.<\/li>\n<li style=\"text-align: justify;\"><strong>Graduado del Diplomado en Marketing Pol\u00edtico,<\/strong> de la Universidad Piloto de Colombia.<\/li>\n<li style=\"text-align: justify;\"><strong>Consultor Asociado<\/strong>\u00a0de Aliados Competitiva en Gesti\u00f3n para dise\u00f1o y ejecucion de proyectos de Mercadeo Estrat\u00e9gico, An\u00e1lisis de Mercados, Aceleraci\u00f3n Comercial, entre otros.<\/li>\n<li style=\"text-align: justify;\"><strong>Consultor de Mercadeo Institucional y Gestion del Cambio de\u00a0Management and Quality\u00a0<\/strong>para proyectos con el Ministerio de Educaci\u00f3n Nacional, Contralor\u00eda Nacional, Mintic &#8211; Findeter, entre otros.<\/li>\n<li style=\"text-align: justify;\"><strong>Mentor de Mercadeo de proyectos de Aceleraci\u00f3n de Emprendimientos TIC<\/strong><\/li>\n<li style=\"text-align: justify;\"><strong>Coach en Personal Branding o Marca Personal.\u00a0<\/strong>Apoyo a profesionales que quieren construir su marca personal como estrategia de diferenciaci\u00f3n en sus mercados.<\/li>\n<\/ul>\n<p>&nbsp;<\/p>\n<ul>\n<li style=\"text-align: justify;\"><strong>Coordinador secci\u00f3n Tecnolog\u00eda e Innovaci\u00f3n<\/strong>\u00a0en el programa Radial Magaz\u00edn de la Radio de Todelar 1.280 AM &#8211; Director Fernando Rinc\u00f3n Ch.<\/li>\n<li style=\"text-align: justify;\"><strong>Experiencia de 12 a\u00f1os<\/strong> en procesos de Planeaci\u00f3n Estrat\u00e9gica, Dise\u00f1o e Implementaci\u00f3n de Proyectos, y Control de Gesti\u00f3n Comercial y Financiera en Sector de Telecomunicaciones, Internet y Tecnolog\u00eda.<\/li>\n<li style=\"text-align: justify;\"><strong>Experiencia de 9 a\u00f1os<\/strong> en el dise\u00f1o y desarrollo de proyectos de emprendimiento y expansi\u00f3n empresarial, como Fundador de las Entidades Sin \u00c1nimo de Lucro (ESAL): IDENTIDAD NACIONAL COLOMBIA (Generaci\u00f3n de Campa\u00f1as de Identidad por el Pa\u00eds), REDEXPO (Asociaci\u00f3n Red J\u00f3venes Empresarios Exportadores Colombia) y FUNDACION PODER MENTOR (Entrenamientos, Formaci\u00f3n y Desarrollo en programas de Coaching, Mentoring y Networking Personal, Empresarial, Familiar, Social, Profesional). Representante en Colombia del Fondo para J\u00f3venes Empresarios de las Am\u00e9ricas, organizaci\u00f3n afiliada a la OEA (2003 \u2013 2007).<\/li>\n<li style=\"text-align: justify;\"><strong>Experiencia de 7 a\u00f1os<\/strong> en la Asesor\u00eda, Dise\u00f1o, Integraci\u00f3n y Soporte de Soluciones de Internet y Tecnolog\u00eda para Empresas y Organizaciones, como desarrollos web, intranets, CRMs, ERP.<\/li>\n<\/ul>\n<p>&nbsp;<\/p>\n<ul>\n<li style=\"text-align: justify;\"><strong>Experiencia de 5 a\u00f1os<\/strong> en Ventas y Desarrollo comercial de productos y servicios: Agencia de Publicidad UpIdeas,<\/li>\n<li style=\"text-align: justify;\"><strong>Portafolio Personal<\/strong> como Consultor de Mercadeo, Internet y Negocios (Cartera de m\u00e1s de 300 clientes),<\/li>\n<li style=\"text-align: justify;\"><strong>Director Comercial<\/strong> www.Ecobless.com.co Lavado de Autos Ecol\u00f3gicos (Venta de Franquicias y Servicios),<\/li>\n<li style=\"text-align: justify;\"><strong>Experiencia de 7 a\u00f1os<\/strong> en Redes de Mercadeo On y Off Line: Crezkc: Red de Consumo Kimberly Clark (5.000 personas), Scala: Red de Consumo de telefon\u00eda Movil de Movistar (50 personas), Amarillas Internet: Venta de Anuncios Publicitarios y Coordinador de Innovaci\u00f3n Comercial (2.500 personas en Latinoamerica), MyVideotalk: Sistemas de VideoConferencia y Video Email (200 personas en Latinoamerica y europa), TalkFusion: Sistemas de Video Emails (300 personas en Latinoamerica). Asesoria a lideres de MLM para el desarrollo de estrategias digitales, de empresas como Jeunesse, Amarillas Internet. Organo Gold, Ganoexcel, Synergy02, Kinnux, entre otras<\/li>\n<\/ul>\n<p>&nbsp;<\/p>\n<h2 style=\"text-align: center;\"><strong>Un resumen de mis servicios:<\/strong><\/h2>\n<p><img loading=\"lazy\" decoding=\"async\" class=\"aligncenter size-full wp-image-658\" src=\"https:\/\/juliancastiblanco.com\/web\/wp-content\/uploads\/2014\/03\/d88dc4d9-c7cd-4cd1-9bc5-259a3df997b6.jpg\" alt=\"\" width=\"1070\" height=\"1600\" srcset=\"https:\/\/juliancastiblanco.com\/web\/wp-content\/uploads\/2014\/03\/d88dc4d9-c7cd-4cd1-9bc5-259a3df997b6.jpg 1070w, https:\/\/juliancastiblanco.com\/web\/wp-content\/uploads\/2014\/03\/d88dc4d9-c7cd-4cd1-9bc5-259a3df997b6-201x300.jpg 201w, https:\/\/juliancastiblanco.com\/web\/wp-content\/uploads\/2014\/03\/d88dc4d9-c7cd-4cd1-9bc5-259a3df997b6-768x1148.jpg 768w, https:\/\/juliancastiblanco.com\/web\/wp-content\/uploads\/2014\/03\/d88dc4d9-c7cd-4cd1-9bc5-259a3df997b6-685x1024.jpg 685w\" sizes=\"auto, (max-width: 1070px) 100vw, 1070px\" \/><\/p>\n<p><img loading=\"lazy\" decoding=\"async\" class=\"aligncenter size-full wp-image-1602\" src=\"https:\/\/juliancastiblanco.com\/web\/wp-content\/uploads\/2014\/03\/WhatsApp-Image-2017-06-08-at-11.06.51-AM.jpeg\" alt=\"\" width=\"781\" height=\"1280\" srcset=\"https:\/\/juliancastiblanco.com\/web\/wp-content\/uploads\/2014\/03\/WhatsApp-Image-2017-06-08-at-11.06.51-AM.jpeg 781w, https:\/\/juliancastiblanco.com\/web\/wp-content\/uploads\/2014\/03\/WhatsApp-Image-2017-06-08-at-11.06.51-AM-183x300.jpeg 183w, https:\/\/juliancastiblanco.com\/web\/wp-content\/uploads\/2014\/03\/WhatsApp-Image-2017-06-08-at-11.06.51-AM-768x1259.jpeg 768w, https:\/\/juliancastiblanco.com\/web\/wp-content\/uploads\/2014\/03\/WhatsApp-Image-2017-06-08-at-11.06.51-AM-625x1024.jpeg 625w\" sizes=\"auto, (max-width: 781px) 100vw, 781px\" \/><\/p>\n<p>&nbsp;<\/p>\n<p style=\"text-align: center;\"><img loading=\"lazy\" decoding=\"async\" class=\"aligncenter size-full wp-image-2104\" src=\"https:\/\/juliancastiblanco.com\/web\/wp-content\/uploads\/2014\/03\/descarga.jpg\" alt=\"\" width=\"360\" height=\"140\" srcset=\"https:\/\/juliancastiblanco.com\/web\/wp-content\/uploads\/2014\/03\/descarga.jpg 360w, https:\/\/juliancastiblanco.com\/web\/wp-content\/uploads\/2014\/03\/descarga-300x117.jpg 300w\" sizes=\"auto, (max-width: 360px) 100vw, 360px\" \/><\/p>\n<p style=\"text-align: center;\"><strong>AFILIADO A LA \u00a0C\u00c1MARA COLOMBIANA \u00a0DE COMERCIO ELECTR\u00d3NICO<\/strong><\/p>\n<p><img loading=\"lazy\" decoding=\"async\" class=\"aligncenter size-full wp-image-2103\" src=\"https:\/\/juliancastiblanco.com\/web\/wp-content\/uploads\/2017\/09\/0001.jpg\" alt=\"\" width=\"3300\" height=\"2550\" srcset=\"https:\/\/juliancastiblanco.com\/web\/wp-content\/uploads\/2017\/09\/0001.jpg 3300w, https:\/\/juliancastiblanco.com\/web\/wp-content\/uploads\/2017\/09\/0001-300x232.jpg 300w, https:\/\/juliancastiblanco.com\/web\/wp-content\/uploads\/2017\/09\/0001-768x593.jpg 768w, https:\/\/juliancastiblanco.com\/web\/wp-content\/uploads\/2017\/09\/0001-1024x791.jpg 1024w, https:\/\/juliancastiblanco.com\/web\/wp-content\/uploads\/2017\/09\/0001-810x626.jpg 810w, https:\/\/juliancastiblanco.com\/web\/wp-content\/uploads\/2017\/09\/0001-1140x881.jpg 1140w\" sizes=\"auto, (max-width: 3300px) 100vw, 3300px\" \/><\/p>\n","protected":false},"excerpt":{"rendered":"<p>&nbsp; Ingeniero de Mercados de la Universidad Piloto de Colombia, Graduado del M\u00e1ster en Direcci\u00f3n y Gesti\u00f3n de Empresas con la Universidad Cat\u00f3lica de \u00c1vila, Bureo Veritas Formaci\u00f3n y Escuela [&hellip;]<\/p>\n","protected":false},"author":4,"featured_media":0,"parent":0,"menu_order":0,"comment_status":"closed","ping_status":"closed","template":"","meta":{"footnotes":""},"class_list":["post-2","page","type-page","status-publish","hentry"],"_links":{"self":[{"href":"https:\/\/juliancastiblanco.com\/web\/wp-json\/wp\/v2\/pages\/2","targetHints":{"allow":["GET"]}}],"collection":[{"href":"https:\/\/juliancastiblanco.com\/web\/wp-json\/wp\/v2\/pages"}],"about":[{"href":"https:\/\/juliancastiblanco.com\/web\/wp-json\/wp\/v2\/types\/page"}],"author":[{"embeddable":true,"href":"https:\/\/juliancastiblanco.com\/web\/wp-json\/wp\/v2\/users\/4"}],"replies":[{"embeddable":true,"href":"https:\/\/juliancastiblanco.com\/web\/wp-json\/wp\/v2\/comments?post=2"}],"version-history":[{"count":21,"href":"https:\/\/juliancastiblanco.com\/web\/wp-json\/wp\/v2\/pages\/2\/revisions"}],"predecessor-version":[{"id":2106,"href":"https:\/\/juliancastiblanco.com\/web\/wp-json\/wp\/v2\/pages\/2\/revisions\/2106"}],"wp:attachment":[{"href":"https:\/\/juliancastiblanco.com\/web\/wp-json\/wp\/v2\/media?parent=2"}],"curies":[{"name":"wp","href":"https:\/\/api.w.org\/{rel}","templated":true}]}}