{"id":3137,"date":"2018-08-28T13:49:15","date_gmt":"2018-08-28T13:49:15","guid":{"rendered":"https:\/\/juliancastiblanco.com\/web\/?page_id=3137"},"modified":"2024-01-21T14:29:35","modified_gmt":"2024-01-21T14:29:35","slug":"reserva-una-clase-con-juliancastiblanco","status":"publish","type":"page","link":"https:\/\/juliancastiblanco.com\/web\/reserva-una-clase-con-juliancastiblanco\/","title":{"rendered":"RESERVA UNA CLASE CON JULIANCASTIBLANCO"},"content":{"rendered":"<p style=\"text-align: center;\"><iframe loading=\"lazy\" src=\"https:\/\/www.youtube.com\/embed\/Em5Vvcg_uNc\" width=\"560\" height=\"315\" frameborder=\"0\" allowfullscreen=\"allowfullscreen\"><\/iframe><\/p>\n<p>Gracias por tu inter\u00e9s en aprender MarketingDigital con nosotros (JulianCastiblanco.com #MarketingCoach)<\/p>\n<p>Una clase personalizada es una sesi\u00f3n de 1, 2 o 3 horas donde pueden estar hasta 3 personas. En esta clase abordamos unos objetivos de aprendizaje que definimos previamente en conjunto, de acuerdo a tus necesidades de Marketing Digital.<\/p>\n<blockquote><p>Algunos de los temas m\u00e1s solicitados<\/p><\/blockquote>\n<p>1. Creaci\u00f3n del Buyer persona o perfil ideal de cliente para medios digitales. Esta clase ayuda a identificar los mensajes claves a enviar a personas para que lean mis mensajes y anuncios.<br \/>\n2. Configuraci\u00f3n profesional de perfiles de Facebook e Instagram. Activaci\u00f3n de funciones de la FanPage e integraci\u00f3n con Whatsapp e Instagram.<br \/>\n3. Configuraci\u00f3n de Perfil de Empresa para Instagram y entendimiento de funciones profesionales.<br \/>\n4. Configuraci\u00f3n de Whatsapp Business y botones de whatsapp<br \/>\n5. Configuraci\u00f3n de Business Facebook y cuentas publicitarias.<br \/>\n6. Resoluci\u00f3n de conflictos de pago con Facebook.<br \/>\n7. Activaci\u00f3n de Funciones avanzadas de las FanPage (Citas, Tienda Virtual, otras).<br \/>\n8. Segmentaci\u00f3n de P\u00fablicos en Facebook, Instagram, Audience Network y Messenger.<br \/>\n9. Definici\u00f3n de los mejores tipos de campa\u00f1as para su producto.<br \/>\n10. Estructuraci\u00f3n de Anuncios Efectivos.<br \/>\n11. Entendimiento de Estad\u00edsticas Org\u00e1nicas y de Campa\u00f1as Digitales.<br \/>\n12. Remarketing: Pixel de Facebook e integraci\u00f3n con p\u00e1gina web.<br \/>\n13. Aplicaciones M\u00f3viles para gesti\u00f3n de redes sociales y campa\u00f1as publicitarias.<br \/>\n14. Aplicaciones M\u00f3viles para hacer im\u00e1genes y videos llamativos.<br \/>\n15. C\u00f3mo hacer mi p\u00e1gina web paso a paso.<br \/>\n16. C\u00f3mo hacer un Plan y Presupuesto de Marketing Digital.<\/p>\n<p>Se requiere conexi\u00f3n a internet para trabajar y grabar la clase que al final les entrego en video.<\/p>\n<p><img loading=\"lazy\" decoding=\"async\" class=\"wp-image-4958 alignleft\" src=\"https:\/\/juliancastiblanco.com\/web\/wp-content\/uploads\/2020\/03\/Captura-de-pantalla-2020-03-26-15.31.59.png\" alt=\"\" width=\"607\" height=\"379\" srcset=\"https:\/\/juliancastiblanco.com\/web\/wp-content\/uploads\/2020\/03\/Captura-de-pantalla-2020-03-26-15.31.59.png 1440w, https:\/\/juliancastiblanco.com\/web\/wp-content\/uploads\/2020\/03\/Captura-de-pantalla-2020-03-26-15.31.59-300x188.png 300w, https:\/\/juliancastiblanco.com\/web\/wp-content\/uploads\/2020\/03\/Captura-de-pantalla-2020-03-26-15.31.59-1024x640.png 1024w, https:\/\/juliancastiblanco.com\/web\/wp-content\/uploads\/2020\/03\/Captura-de-pantalla-2020-03-26-15.31.59-768x480.png 768w, https:\/\/juliancastiblanco.com\/web\/wp-content\/uploads\/2020\/03\/Captura-de-pantalla-2020-03-26-15.31.59-810x506.png 810w, https:\/\/juliancastiblanco.com\/web\/wp-content\/uploads\/2020\/03\/Captura-de-pantalla-2020-03-26-15.31.59-1140x713.png 1140w\" sizes=\"auto, (max-width: 607px) 100vw, 607px\" \/><\/p>\n<p>&nbsp;<\/p>\n<p>El valor por grupo de hasta tres personas es<br \/>\n1 Hora $93.000<br \/>\n2 Horas $150.000<br \/>\n3 Horas $200.000<\/p>\n<p><a href=\"https:\/\/outlook.office.com\/bookwithme\/user\/0b63b63269304a9d8494639097948197@imk.global?anonymous&amp;ep=plink\"><img loading=\"lazy\" decoding=\"async\" class=\"aligncenter wp-image-4957 size-full\" src=\"https:\/\/juliancastiblanco.com\/web\/wp-content\/uploads\/2020\/03\/Captura-de-pantalla-2020-03-31-08.10.06.png\" alt=\"\" width=\"1034\" height=\"255\" srcset=\"https:\/\/juliancastiblanco.com\/web\/wp-content\/uploads\/2020\/03\/Captura-de-pantalla-2020-03-31-08.10.06.png 1034w, https:\/\/juliancastiblanco.com\/web\/wp-content\/uploads\/2020\/03\/Captura-de-pantalla-2020-03-31-08.10.06-300x74.png 300w, https:\/\/juliancastiblanco.com\/web\/wp-content\/uploads\/2020\/03\/Captura-de-pantalla-2020-03-31-08.10.06-1024x253.png 1024w, https:\/\/juliancastiblanco.com\/web\/wp-content\/uploads\/2020\/03\/Captura-de-pantalla-2020-03-31-08.10.06-768x189.png 768w, https:\/\/juliancastiblanco.com\/web\/wp-content\/uploads\/2020\/03\/Captura-de-pantalla-2020-03-31-08.10.06-810x200.png 810w\" sizes=\"auto, (max-width: 1034px) 100vw, 1034px\" \/><\/a><\/p>\n<p><a href=\"https:\/\/outlook.office.com\/bookwithme\/user\/0b63b63269304a9d8494639097948197@imk.global?anonymous&amp;ep=plink\"><img loading=\"lazy\" decoding=\"async\" class=\"aligncenter wp-image-4994 size-full\" src=\"https:\/\/juliancastiblanco.com\/web\/wp-content\/uploads\/2020\/04\/Captura-de-pantalla-2020-04-05-07.48.08.png\" alt=\"\" width=\"1036\" height=\"267\" srcset=\"https:\/\/juliancastiblanco.com\/web\/wp-content\/uploads\/2020\/04\/Captura-de-pantalla-2020-04-05-07.48.08.png 1036w, https:\/\/juliancastiblanco.com\/web\/wp-content\/uploads\/2020\/04\/Captura-de-pantalla-2020-04-05-07.48.08-300x77.png 300w, https:\/\/juliancastiblanco.com\/web\/wp-content\/uploads\/2020\/04\/Captura-de-pantalla-2020-04-05-07.48.08-1024x264.png 1024w, https:\/\/juliancastiblanco.com\/web\/wp-content\/uploads\/2020\/04\/Captura-de-pantalla-2020-04-05-07.48.08-768x198.png 768w, https:\/\/juliancastiblanco.com\/web\/wp-content\/uploads\/2020\/04\/Captura-de-pantalla-2020-04-05-07.48.08-810x209.png 810w\" sizes=\"auto, (max-width: 1036px) 100vw, 1036px\" \/><\/a><\/p>\n<p>&nbsp;<\/p>\n<p>Todas nuestras clases quedan grabadas en nuestra plataforma para verlas las veces que sea necesario<\/p>\n<p><img loading=\"lazy\" decoding=\"async\" class=\"aligncenter size-full wp-image-4991\" src=\"https:\/\/juliancastiblanco.com\/web\/wp-content\/uploads\/2020\/04\/Captura-de-Pantalla-2020-04-05-a-las-7.44.17-a.-m..png\" alt=\"\" width=\"1386\" height=\"737\" srcset=\"https:\/\/juliancastiblanco.com\/web\/wp-content\/uploads\/2020\/04\/Captura-de-Pantalla-2020-04-05-a-las-7.44.17-a.-m..png 1386w, https:\/\/juliancastiblanco.com\/web\/wp-content\/uploads\/2020\/04\/Captura-de-Pantalla-2020-04-05-a-las-7.44.17-a.-m.-300x160.png 300w, https:\/\/juliancastiblanco.com\/web\/wp-content\/uploads\/2020\/04\/Captura-de-Pantalla-2020-04-05-a-las-7.44.17-a.-m.-1024x545.png 1024w, https:\/\/juliancastiblanco.com\/web\/wp-content\/uploads\/2020\/04\/Captura-de-Pantalla-2020-04-05-a-las-7.44.17-a.-m.-768x408.png 768w, https:\/\/juliancastiblanco.com\/web\/wp-content\/uploads\/2020\/04\/Captura-de-Pantalla-2020-04-05-a-las-7.44.17-a.-m.-810x431.png 810w, https:\/\/juliancastiblanco.com\/web\/wp-content\/uploads\/2020\/04\/Captura-de-Pantalla-2020-04-05-a-las-7.44.17-a.-m.-1140x606.png 1140w\" sizes=\"auto, (max-width: 1386px) 100vw, 1386px\" \/><\/p>\n<p>&nbsp;<\/p>\n<p>JulianCastiblanco.com<br \/>\n#MarketingCoach<br \/>\nCEO IngenierosdeMarketing.com<br \/>\n?Coach@ingenierosdemarketing.com.co<br \/>\n+57 3006398181<\/p>\n","protected":false},"excerpt":{"rendered":"<p>Gracias por tu inter\u00e9s en aprender MarketingDigital con nosotros (JulianCastiblanco.com #MarketingCoach) Una clase personalizada es una sesi\u00f3n de 1, 2 o 3 horas donde pueden estar hasta 3 personas. En [&hellip;]<\/p>\n","protected":false},"author":4,"featured_media":0,"parent":0,"menu_order":0,"comment_status":"closed","ping_status":"closed","template":"","meta":{"footnotes":""},"class_list":["post-3137","page","type-page","status-publish","hentry"],"_links":{"self":[{"href":"https:\/\/juliancastiblanco.com\/web\/wp-json\/wp\/v2\/pages\/3137","targetHints":{"allow":["GET"]}}],"collection":[{"href":"https:\/\/juliancastiblanco.com\/web\/wp-json\/wp\/v2\/pages"}],"about":[{"href":"https:\/\/juliancastiblanco.com\/web\/wp-json\/wp\/v2\/types\/page"}],"author":[{"embeddable":true,"href":"https:\/\/juliancastiblanco.com\/web\/wp-json\/wp\/v2\/users\/4"}],"replies":[{"embeddable":true,"href":"https:\/\/juliancastiblanco.com\/web\/wp-json\/wp\/v2\/comments?post=3137"}],"version-history":[{"count":18,"href":"https:\/\/juliancastiblanco.com\/web\/wp-json\/wp\/v2\/pages\/3137\/revisions"}],"predecessor-version":[{"id":15542,"href":"https:\/\/juliancastiblanco.com\/web\/wp-json\/wp\/v2\/pages\/3137\/revisions\/15542"}],"wp:attachment":[{"href":"https:\/\/juliancastiblanco.com\/web\/wp-json\/wp\/v2\/media?parent=3137"}],"curies":[{"name":"wp","href":"https:\/\/api.w.org\/{rel}","templated":true}]}}